 - 1)/2 + -1?
3
Let z(n) = 5*n + 28. Let b(k) = k**2 - 24*k - 151. Let w(l) = 2*b(l) + 11*z(l). Suppose -3*y + 5 - 20 = 0. What is the remainder when 81 is divided by w(y)?
18
Suppose k + 20 = x, -3*x + 69 = -5*k + 13. Suppose -47538 = 7*q - 859*q - 678. What is the remainder when q is divided by x?
11
Suppose -1468*m = -1455*m - 2795. What is the remainder when m is divided by 57?
44
Suppose 5*i = 4*a - a + 330, 4*i - 5*a - 251 = 0. Let d = i - 115. Let v = 58 + d. What is the remainder when 41 is divided by v?
5
Let q(j) = -j**3 - j**2 + j + 72. Suppose 0*x = -7*x + 637. Let v = x + -72. Calculate the remainder when q(0) is divided by v.
15
Let n = 70 + -63. Let p be (-21)/(-3)*(-3 + 15/n). Calculate the remainder when ((-8)/5)/(p/165) is divided by 16.
12
Let x(j) = 6*j + 166. Let s(t) = -2*t - 84. Let w(h) = -5*s(h) - 2*x(h). What is the remainder when w(22) is divided by 25?
19
Suppose -13832 = 390*v - 637*v. What is the remainder when 68 is divided by v?
12
Let x = -3 + -35. Calculate the remainder when 106 is divided by (-513)/x*(3 + -1).
25
Let i = 31576 + -31144. Calculate the remainder when 1631 is divided by i.
335
Let j = -182 - -195. Suppose -j = 4*x - 41. What is the remainder when x is divided by 2?
1
Suppose 0 = -5*i - 11*i + 11 - 107. Let s(m) = 5*m - 52. Let z(c) = -11*c + 104. Let k(d) = 11*s(d) + 6*z(d). What is the remainder when k(i) is divided by 61?
57
Calculate the remainder when (-8 - (-1280)/30)*(-78)/(-8) is divided by 174.
164
Let h be (-4 - 0)*-2*13/4. Suppose h = 6*j - 262. Let i(f) = -f**2 + 20*f - 6. What is the remainder when j is divided by i(19)?
9
Let v(x) be the second derivative of 7*x**3/3 + 541*x**2/2 + 5*x + 9. What is the remainder when v(-38) is divided by 2/1 - (0 - 1)?
0
Suppose 2745 = 31*g - 79*g + 46809. Calculate the remainder when g is divided by 132.
126
Let w(t) = 944*t + 6621. Calculate the remainder when 493 is divided by w(-7).
12
Let m be ((-10)/(-6))/(0 + 9/27). Let k(j) = -2*j - 2. Let n be k(-2). Suppose n*w - 294 = -m*w. What is the remainder when w is divided by 11?
9
Let f(a) = a**3 + a**2 - a + 77. Let z = 801 + -645. Suppose 87*s = 81*s + z. What is the remainder when f(0) is divided by s?
25
Let o(c) = 40*c**3 - c + 1. Let f = -81461 + 81536. Calculate the remainder when f is divided by o(1).
35
Let p be 2/6*3 + 32. Suppose p = -z + 4*l, 57 = -z + l - 3*l. Let c = 52 + z. Calculate the remainder when 10 is divided by c.
1
Suppose -2*r + 172 + 174 = 0. What is the remainder when r is divided by 85?
3
Let b(l) = l**2 - 5*l + 20. Calculate the remainder when b(7) is divided by 17 + (84/7 - 9).
14
Let n = -7991 - -8060. Suppose 0 = 5*l - 7 - 13. Suppose 14 = -l*u + 5*u. Calculate the remainder when n is divided by u.
13
Suppose -28291 = -592*p + 130689 - 916. What is the remainder when p is divided by (-10)/10 - (-31)/1?
27
Let o = -830 - -354. Let r = -345 - o. Calculate the remainder when r is divided by 6.
5
Let c = -53 + 49. Let d(f) = 2*f - 5. Let y be d(c). Let g(k) = -k**3 - 14*k**2 - 17*k - 30. What is the remainder when 65 is divided by g(y)?
21
Suppose -17*t + 2945 + 1577 = 0. Suppose -148 = 265*i - t*i. Calculate the remainder when i is divided by 26.
18
Let r(v) = v**3 - 24*v**2 + 129*v + 184. Calculate the remainder when 1126 is divided by r(14).
16
Let f(p) be the first derivative of 2*p**2 - 24*p + 9. Let k be f(27). Let i = k - 62. What is the remainder when 152 is divided by i?
20
Let j(x) = -x - 25. Let p be j(-21). What is the remainder when 2/p*(-57 + 5) is divided by 20?
6
Let v(a) = 12*a**2 + 25*a + 18. Let k be v(-5). Suppose 4*l - k = -29. What is the remainder when 121 is divided by l?
39
Let c(r) = 50*r**2 - 332*r + 11. Calculate the remainder when 482 is divided by c(7).
71
Suppose -436*t + 22795 = -339*t. Calculate the remainder when 13627 is divided by t.
232
Let h be -6 + ((-6)/(-9))/(2/(-12)). Let s be (h - -1)/3 - -15. Suppose -s*g = -7*g - 35. Calculate the remainder when 33 is divided by g.
5
Suppose 0 = -5*t + 5, 2*t - 32 - 314 = -2*p. Calculate the remainder when 357 is divided by p.
13
Suppose -4*y - 8 = -4*n, 19*y = -4*n + 18*y + 13. Calculate the remainder when (-151)/(-5) - 4 - (-3)/(-15) is divided by n.
2
Let d(w) = -2*w**2 + 54*w - 120. What is the remainder when 790 is divided by d(3)?
22
Suppose 0 = -q + 3*u + 10, 5*q + 11*u - 6*u + 10 = 0. Suppose 21 = 3*i + 3*v, 0 = -i - 3*v + q + 2. What is the remainder when 26 is divided by i?
8
Suppose -2*m = g - 98, -7*m - 132 = -10*m + 6*g. Let i = 0 + -1. What is the remainder when m is divided by (-82)/(-8) + i/4?
8
Suppose -140*c - 560 = -148*c. Calculate the remainder when 156 is divided by c.
16
Suppose 1682 = 4*a + 2*d, 19*a - 21*a - 2*d = -846. Let o = a - 348. Calculate the remainder when o is divided by 19.
13
Suppose i - 35 = -3*i - 5*n, -4*i + 23 = n. Let h = 621 - 619. Suppose 15 = 3*b + h*o, -5*b + 4*o = -2*b - 15. What is the remainder when b is divided by i?
0
Let j(c) = -16*c + 80. Let k be j(-14). Let g = -273 + k. What is the remainder when 277 is divided by g?
29
Suppose -2*x - 25 = 2*a - 61, 5*a + 3*x = 84. Let o = a - -74. What is the remainder when o is divided by 16?
9
What is the remainder when 9/((-144)/(-11854)) + 2/16 is divided by 358?
25
Calculate the remainder when (-4 - -3)*(7 + -129 - 5) is divided by 32.
31
Let l = 29638 - 29601. Calculate the remainder when l is divided by (-2)/2 - (0 - 11).
7
Suppose 3*h = 6*h + 9. Let p(u) = u**2 + 2*u - 21. Let t be p(-5). What is the remainder when 110 is divided by ((-34)/t + h)*6?
14
Suppose 0 = -0*j + 11*j - 1518. Suppose 0 = 6*a - 9*a + j. Suppose a*h + 15 = 47*h. What is the remainder when 54 is divided by h?
9
Let n = 6 + 343. Let t = n - -107. Suppose -12*i + 15*i = t. What is the remainder when i is divided by 31?
28
Let u(o) = 5*o - 72. Suppose 0 = 3*v + 2*k + 8, 0 = 5*k + 29 - 9. Let t be u(v). Let n = -60 - t. Calculate the remainder when 47 is divided by n.
11
Let n(v) = 2*v**3 - 15*v**2 + 43*v - 329. Calculate the remainder when n(10) is divided by 23.
3
Let h(y) be the first derivative of y**3 + y + 2. Let j(z) = -132*z + 5. Calculate the remainder when j(-1) is divided by h(-3).
25
Suppose 0 = -g + n + 68, 15 + 53 = g - 6*n. Suppose 938*y - g = 934*y. Calculate the remainder when 523 is divided by y.
13
Let s be (-936)/9 + (-1)/(2/(-8)). Let o = 118 + s. Calculate the remainder when 65 is divided by o.
11
Let g(m) = m**3 + 6*m**2 - 152*m + 98. What is the remainder when 27233 is divided by g(10)?
177
Let c = -3237 - -3264. What is the remainder when 1185 is divided by c?
24
Suppose 0 = 11*c - 4390 - 2309. Calculate the remainder when c is divided by 69.
57
Suppose 20*a - 18*a + 5*s + 7 = 0, 0 = 3*s + 9. Suppose h + a*o = 21, -2*h - o = o - 66. What is the remainder when 182 is divided by h?
34
Suppose -5*n + 10 = 0, 38*k = 40*k + 3*n - 36. What is the remainder when 24 is divided by k?
9
Let r(y) = 14*y**2 + 73*y + 117. Calculate the remainder when 920 is divided by r(-6).
5
Let r(g) = g + 2*g + g**3 - 22 + 7*g**2 - 2*g. Calculate the remainder when 8 is divided by r(-6).
0
What is the remainder when (-520)/208*(219/(-5) + 3) is divided by 70?
32
Suppose 75*j - 14475 = -173*j - 8523. Let x = 12 - -369. What is the remainder when x is divided by j?
21
Let a(v) = -2*v**2 + 7*v + 908. What is the remainder when a(-19) is divided by 52?
1
What is the remainder when 5005/(-22)*-6 + 6 is divided by 81?
75
Let z = 4581 - 3490. What is the remainder when z is divided by 363?
2
What is the remainder when 1395355/(-26)*(-3)/30 - 2/(-8) is divided by 59?
57
Let s(r) = r + 90. Let m be s(24). Suppose -m = -27*v + 102. What is the remainder when 86 is divided by v?
6
Let k(s) = 5*s**3 - 46*s**2 + 2*s + 266. Calculate the remainder when k(13) is divided by 350.
3
Let i be ((-6)/3 - -5) + (3 - 3). Suppose 6*b + 2*y - 141 = i*b, 4*y = -12. Let t = 53 - b. What is the remainder when 16 is divided by t?
0
Let x(y) = -5*y**3 - 27*y**2 + 26*y + 175. Calculate the remainder when x(-19) is divided by 52.
49
What is the remainder when 1734 is divided by 16 - (2 + (-88)/99)*9?
0
Calculate the remainder when 249 is divided by -231*1/1*46/(-138).
18
Suppose 0 = -w + q - 204, -1029 = -25*w + 30*w + 4*q. Let l = w - -222. What is the r